{"id":9330,"date":"2025-08-20T07:31:58","date_gmt":"2025-08-20T13:31:58","guid":{"rendered":"https:\/\/tecniplastmexico.com\/web\/?post_type=product&#038;p=9330"},"modified":"2025-10-08T09:14:00","modified_gmt":"2025-10-08T15:14:00","slug":"vaso-jumbo-edicion-especial-pp-9019","status":"publish","type":"product","link":"https:\/\/tecniplastmexico.com\/web\/productos\/platos-vasos-tazas-cubetas-de-polipropileno\/vaso-de-polipropileno-plastico\/vaso-jumbo-edicion-especial-pp-9019\/","title":{"rendered":"Vaso Jumbo Edici\u00f3n Especial PP &#8211; 9019"},"content":{"rendered":"<p><strong>C\u00f3digo:<\/strong> 9019<br \/>\n<strong>Categor\u00eda:<\/strong> <a href=\"https:\/\/tecniplastmexico.com\/web\/index.php\/categoria-producto\/platos-vasos-tazas-cubetas-de-polipropileno\/\">L\u00ednea Polipropileno<\/a>, <a href=\"https:\/\/tecniplastmexico.com\/web\/index.php\/categoria-producto\/platos-vasos-tazas-cubetas-de-polipropileno\/vaso-de-polipropileno-plastico\/\">Vasos<\/a><br \/>\n<strong>Material:<\/strong> Polipropileno<\/p>\n","protected":false},"excerpt":{"rendered":"<p><strong><br \/>\nC\u00f3digo: <\/strong> 9019<\/p>\n<p><strong>Piezas por caja:\u00a0<\/strong>126<br \/>\n<strong>Capacidad:\u00a0<\/strong>24 oz \/ 710 ml<br \/>\n<strong>Medidas:\u00a0<\/strong>\u00d8s = 9.3 cm, \u00d8i = 6.6 cm, H = 16.7 cm<br \/>\n<strong>Colores:\u00a0<\/strong>Blanco, Negro<\/p>\n","protected":false},"featured_media":9337,"template":"","meta":[],"product_brand":[],"product_cat":[132],"product_tag":[293,422,250,387,420,256,421,260,398],"class_list":{"0":"post-9330","1":"product","2":"type-product","3":"status-publish","4":"has-post-thumbnail","6":"product_cat-vaso-de-polipropileno-plastico","7":"product_tag-vaso","8":"product_tag-vaso-24-oz","9":"product_tag-vaso-de-plastico","10":"product_tag-vaso-de-polipropileno","11":"product_tag-vaso-edicion-especial","12":"product_tag-vaso-jumbo","13":"product_tag-vaso-jumbo-brillantina","14":"product_tag-vaso-jumbo-de-plastico","15":"product_tag-vaso-jumbo-de-polipropileno","16":"pa_color-brillnatina-blanco","17":"pa_color-brillantina-negro","20":"instock","21":"shipping-taxable","22":"product-type-variable","23":"wvs-archive-product-wrapper"},"yoast_head":"<!-- This site is optimized with the Yoast SEO Premium plugin v25.5 (Yoast SEO v27.0) - https:\/\/yoast.com\/product\/yoast-seo-premium-wordpress\/ -->\n<title>Vaso jumbo edici\u00f3n especial de Polipropileno 24 oz<\/title>\n<meta name=\"description\" content=\"Vaso jumbo edici\u00f3n especial de Polipropileno, Vaso jumbo edici\u00f3n especial de Pl\u00e1stico Polipropileno, Vaso de pl\u00e1stico reutilizable, vaso reusable\" \/>\n<meta name=\"robots\" content=\"index, follow, max-snippet:-1, max-image-preview:large, max-video-preview:-1\" \/>\n<link rel=\"canonical\" href=\"https:\/\/tecniplastmexico.com\/web\/productos\/platos-vasos-tazas-cubetas-de-polipropileno\/vaso-de-polipropileno-plastico\/vaso-jumbo-edicion-especial-pp-9019\/\" \/>\n<meta property=\"og:locale\" content=\"es_MX\" \/>\n<meta property=\"og:type\" content=\"article\" \/>\n<meta property=\"og:title\" content=\"Vaso Jumbo Edici\u00f3n Especial PP - 9019\" \/>\n<meta property=\"og:description\" content=\"Vaso jumbo edici\u00f3n especial de Polipropileno, Vaso jumbo edici\u00f3n especial de Pl\u00e1stico Polipropileno, Vaso de pl\u00e1stico reutilizable, vaso reusable\" \/>\n<meta property=\"og:url\" content=\"https:\/\/tecniplastmexico.com\/web\/productos\/platos-vasos-tazas-cubetas-de-polipropileno\/vaso-de-polipropileno-plastico\/vaso-jumbo-edicion-especial-pp-9019\/\" \/>\n<meta property=\"og:site_name\" content=\"Tecniplast M\u00e9xico - Fabricante de Productos de pl\u00e1stico polipropileno, polietileno y policarbonato, Industrial Hogar Alimentos Restaurantes\" \/>\n<meta property=\"article:modified_time\" content=\"2025-10-08T15:14:00+00:00\" \/>\n<meta property=\"og:image\" content=\"https:\/\/tecniplastmexico.com\/web\/wp-content\/uploads\/2025\/08\/producto_vaso_jumbo_edicion_especial_polipropileno_plastico_PP_9019_blanco.jpg\" \/>\n\t<meta property=\"og:image:width\" content=\"800\" \/>\n\t<meta property=\"og:image:height\" content=\"800\" \/>\n\t<meta property=\"og:image:type\" content=\"image\/jpeg\" \/>\n<meta name=\"twitter:card\" content=\"summary_large_image\" \/>\n<meta name=\"twitter:label1\" content=\"Disponibilidad\" \/>\n\t<meta name=\"twitter:data1\" content=\"Disponible\" \/>\n<script type=\"application\/ld+json\" class=\"yoast-schema-graph\">{\"@context\":\"https:\/\/schema.org\",\"@graph\":[{\"@type\":[\"WebPage\",\"ItemPage\"],\"@id\":\"https:\/\/tecniplastmexico.com\/web\/productos\/platos-vasos-tazas-cubetas-de-polipropileno\/vaso-de-polipropileno-plastico\/vaso-jumbo-edicion-especial-pp-9019\/\",\"url\":\"https:\/\/tecniplastmexico.com\/web\/productos\/platos-vasos-tazas-cubetas-de-polipropileno\/vaso-de-polipropileno-plastico\/vaso-jumbo-edicion-especial-pp-9019\/\",\"name\":\"Vaso jumbo edici\u00f3n especial de Polipropileno 24 oz\",\"isPartOf\":{\"@id\":\"https:\/\/tecniplastmexico.com\/web\/#website\"},\"primaryImageOfPage\":{\"@id\":\"https:\/\/tecniplastmexico.com\/web\/productos\/platos-vasos-tazas-cubetas-de-polipropileno\/vaso-de-polipropileno-plastico\/vaso-jumbo-edicion-especial-pp-9019\/#primaryimage\"},\"image\":{\"@id\":\"https:\/\/tecniplastmexico.com\/web\/productos\/platos-vasos-tazas-cubetas-de-polipropileno\/vaso-de-polipropileno-plastico\/vaso-jumbo-edicion-especial-pp-9019\/#primaryimage\"},\"thumbnailUrl\":\"https:\/\/tecniplastmexico.com\/web\/wp-content\/uploads\/2025\/08\/producto_vaso_jumbo_edicion_especial_polipropileno_plastico_PP_9019_blanco.jpg\",\"datePublished\":\"2025-08-20T13:31:58+00:00\",\"dateModified\":\"2025-10-08T15:14:00+00:00\",\"description\":\"Vaso jumbo edici\u00f3n especial de Polipropileno, Vaso jumbo edici\u00f3n especial de Pl\u00e1stico Polipropileno, Vaso de pl\u00e1stico reutilizable, vaso reusable\",\"breadcrumb\":{\"@id\":\"https:\/\/tecniplastmexico.com\/web\/productos\/platos-vasos-tazas-cubetas-de-polipropileno\/vaso-de-polipropileno-plastico\/vaso-jumbo-edicion-especial-pp-9019\/#breadcrumb\"},\"inLanguage\":\"es\",\"potentialAction\":[{\"@type\":\"ReadAction\",\"target\":[\"https:\/\/tecniplastmexico.com\/web\/productos\/platos-vasos-tazas-cubetas-de-polipropileno\/vaso-de-polipropileno-plastico\/vaso-jumbo-edicion-especial-pp-9019\/\"]}]},{\"@type\":\"ImageObject\",\"inLanguage\":\"es\",\"@id\":\"https:\/\/tecniplastmexico.com\/web\/productos\/platos-vasos-tazas-cubetas-de-polipropileno\/vaso-de-polipropileno-plastico\/vaso-jumbo-edicion-especial-pp-9019\/#primaryimage\",\"url\":\"https:\/\/tecniplastmexico.com\/web\/wp-content\/uploads\/2025\/08\/producto_vaso_jumbo_edicion_especial_polipropileno_plastico_PP_9019_blanco.jpg\",\"contentUrl\":\"https:\/\/tecniplastmexico.com\/web\/wp-content\/uploads\/2025\/08\/producto_vaso_jumbo_edicion_especial_polipropileno_plastico_PP_9019_blanco.jpg\",\"width\":800,\"height\":800,\"caption\":\"Vaso Jumbo Edici\u00f3n Especial Polipropileno Pl\u00e1stico PP Brillantina Blanco\"},{\"@type\":\"BreadcrumbList\",\"@id\":\"https:\/\/tecniplastmexico.com\/web\/productos\/platos-vasos-tazas-cubetas-de-polipropileno\/vaso-de-polipropileno-plastico\/vaso-jumbo-edicion-especial-pp-9019\/#breadcrumb\",\"itemListElement\":[{\"@type\":\"ListItem\",\"position\":1,\"name\":\"Inicio\",\"item\":\"https:\/\/tecniplastmexico.com\/web\/\"},{\"@type\":\"ListItem\",\"position\":2,\"name\":\"Productos\",\"item\":\"https:\/\/tecniplastmexico.com\/web\/productos\/\"},{\"@type\":\"ListItem\",\"position\":3,\"name\":\"Vaso Jumbo Edici\u00f3n Especial PP &#8211; 9019\"}]},{\"@type\":\"WebSite\",\"@id\":\"https:\/\/tecniplastmexico.com\/web\/#website\",\"url\":\"https:\/\/tecniplastmexico.com\/web\/\",\"name\":\"Tecniplast M\u00e9xico - Fabricante de Productos de pl\u00e1stico polipropileno, polietileno y policarbonato, Industrial Hogar Alimentos Restaurantes\",\"description\":\"Fabricante de Productos de pl\u00e1stico polipropileno, polietileno y policarbonato, Industrial Hogar Alimentos Restaurantes\",\"publisher\":{\"@id\":\"https:\/\/tecniplastmexico.com\/web\/#organization\"},\"potentialAction\":[{\"@type\":\"SearchAction\",\"target\":{\"@type\":\"EntryPoint\",\"urlTemplate\":\"https:\/\/tecniplastmexico.com\/web\/?s={search_term_string}\"},\"query-input\":{\"@type\":\"PropertyValueSpecification\",\"valueRequired\":true,\"valueName\":\"search_term_string\"}}],\"inLanguage\":\"es\"},{\"@type\":\"Organization\",\"@id\":\"https:\/\/tecniplastmexico.com\/web\/#organization\",\"name\":\"Tecniplast M\u00e9xico - Fabricante de Productos de pl\u00e1stico polipropileno, polietileno y policarbonato, Industrial Hogar Alimentos Restaurantes\",\"url\":\"https:\/\/tecniplastmexico.com\/web\/\",\"logo\":{\"@type\":\"ImageObject\",\"inLanguage\":\"es\",\"@id\":\"https:\/\/tecniplastmexico.com\/web\/#\/schema\/logo\/image\/\",\"url\":\"https:\/\/tecniplastmexico.com\/web\/wp-content\/uploads\/2025\/07\/Logo_tecniplast.png\",\"contentUrl\":\"https:\/\/tecniplastmexico.com\/web\/wp-content\/uploads\/2025\/07\/Logo_tecniplast.png\",\"width\":848,\"height\":294,\"caption\":\"Tecniplast M\u00e9xico - Fabricante de Productos de pl\u00e1stico polipropileno, polietileno y policarbonato, Industrial Hogar Alimentos Restaurantes\"},\"image\":{\"@id\":\"https:\/\/tecniplastmexico.com\/web\/#\/schema\/logo\/image\/\"}}]}<\/script>\n<meta property=\"og:availability\" content=\"instock\" \/>\n<meta property=\"product:availability\" content=\"instock\" \/>\n<meta property=\"product:retailer_item_id\" content=\"9019\" \/>\n<meta property=\"product:condition\" content=\"new\" \/>\n<!-- \/ Yoast SEO Premium plugin. -->","yoast_head_json":{"title":"Vaso jumbo edici\u00f3n especial de Polipropileno 24 oz","description":"Vaso jumbo edici\u00f3n especial de Polipropileno, Vaso jumbo edici\u00f3n especial de Pl\u00e1stico Polipropileno, Vaso de pl\u00e1stico reutilizable, vaso reusable","robots":{"index":"index","follow":"follow","max-snippet":"max-snippet:-1","max-image-preview":"max-image-preview:large","max-video-preview":"max-video-preview:-1"},"canonical":"https:\/\/tecniplastmexico.com\/web\/productos\/platos-vasos-tazas-cubetas-de-polipropileno\/vaso-de-polipropileno-plastico\/vaso-jumbo-edicion-especial-pp-9019\/","og_locale":"es_MX","og_type":"article","og_title":"Vaso Jumbo Edici\u00f3n Especial PP - 9019","og_description":"Vaso jumbo edici\u00f3n especial de Polipropileno, Vaso jumbo edici\u00f3n especial de Pl\u00e1stico Polipropileno, Vaso de pl\u00e1stico reutilizable, vaso reusable","og_url":"https:\/\/tecniplastmexico.com\/web\/productos\/platos-vasos-tazas-cubetas-de-polipropileno\/vaso-de-polipropileno-plastico\/vaso-jumbo-edicion-especial-pp-9019\/","og_site_name":"Tecniplast M\u00e9xico - Fabricante de Productos de pl\u00e1stico polipropileno, polietileno y policarbonato, Industrial Hogar Alimentos Restaurantes","article_modified_time":"2025-10-08T15:14:00+00:00","og_image":[{"width":800,"height":800,"url":"https:\/\/tecniplastmexico.com\/web\/wp-content\/uploads\/2025\/08\/producto_vaso_jumbo_edicion_especial_polipropileno_plastico_PP_9019_blanco.jpg","type":"image\/jpeg"}],"twitter_card":"summary_large_image","twitter_misc":{"Disponibilidad":"Disponible"},"schema":{"@context":"https:\/\/schema.org","@graph":[{"@type":["WebPage","ItemPage"],"@id":"https:\/\/tecniplastmexico.com\/web\/productos\/platos-vasos-tazas-cubetas-de-polipropileno\/vaso-de-polipropileno-plastico\/vaso-jumbo-edicion-especial-pp-9019\/","url":"https:\/\/tecniplastmexico.com\/web\/productos\/platos-vasos-tazas-cubetas-de-polipropileno\/vaso-de-polipropileno-plastico\/vaso-jumbo-edicion-especial-pp-9019\/","name":"Vaso jumbo edici\u00f3n especial de Polipropileno 24 oz","isPartOf":{"@id":"https:\/\/tecniplastmexico.com\/web\/#website"},"primaryImageOfPage":{"@id":"https:\/\/tecniplastmexico.com\/web\/productos\/platos-vasos-tazas-cubetas-de-polipropileno\/vaso-de-polipropileno-plastico\/vaso-jumbo-edicion-especial-pp-9019\/#primaryimage"},"image":{"@id":"https:\/\/tecniplastmexico.com\/web\/productos\/platos-vasos-tazas-cubetas-de-polipropileno\/vaso-de-polipropileno-plastico\/vaso-jumbo-edicion-especial-pp-9019\/#primaryimage"},"thumbnailUrl":"https:\/\/tecniplastmexico.com\/web\/wp-content\/uploads\/2025\/08\/producto_vaso_jumbo_edicion_especial_polipropileno_plastico_PP_9019_blanco.jpg","datePublished":"2025-08-20T13:31:58+00:00","dateModified":"2025-10-08T15:14:00+00:00","description":"Vaso jumbo edici\u00f3n especial de Polipropileno, Vaso jumbo edici\u00f3n especial de Pl\u00e1stico Polipropileno, Vaso de pl\u00e1stico reutilizable, vaso reusable","breadcrumb":{"@id":"https:\/\/tecniplastmexico.com\/web\/productos\/platos-vasos-tazas-cubetas-de-polipropileno\/vaso-de-polipropileno-plastico\/vaso-jumbo-edicion-especial-pp-9019\/#breadcrumb"},"inLanguage":"es","potentialAction":[{"@type":"ReadAction","target":["https:\/\/tecniplastmexico.com\/web\/productos\/platos-vasos-tazas-cubetas-de-polipropileno\/vaso-de-polipropileno-plastico\/vaso-jumbo-edicion-especial-pp-9019\/"]}]},{"@type":"ImageObject","inLanguage":"es","@id":"https:\/\/tecniplastmexico.com\/web\/productos\/platos-vasos-tazas-cubetas-de-polipropileno\/vaso-de-polipropileno-plastico\/vaso-jumbo-edicion-especial-pp-9019\/#primaryimage","url":"https:\/\/tecniplastmexico.com\/web\/wp-content\/uploads\/2025\/08\/producto_vaso_jumbo_edicion_especial_polipropileno_plastico_PP_9019_blanco.jpg","contentUrl":"https:\/\/tecniplastmexico.com\/web\/wp-content\/uploads\/2025\/08\/producto_vaso_jumbo_edicion_especial_polipropileno_plastico_PP_9019_blanco.jpg","width":800,"height":800,"caption":"Vaso Jumbo Edici\u00f3n Especial Polipropileno Pl\u00e1stico PP Brillantina Blanco"},{"@type":"BreadcrumbList","@id":"https:\/\/tecniplastmexico.com\/web\/productos\/platos-vasos-tazas-cubetas-de-polipropileno\/vaso-de-polipropileno-plastico\/vaso-jumbo-edicion-especial-pp-9019\/#breadcrumb","itemListElement":[{"@type":"ListItem","position":1,"name":"Inicio","item":"https:\/\/tecniplastmexico.com\/web\/"},{"@type":"ListItem","position":2,"name":"Productos","item":"https:\/\/tecniplastmexico.com\/web\/productos\/"},{"@type":"ListItem","position":3,"name":"Vaso Jumbo Edici\u00f3n Especial PP &#8211; 9019"}]},{"@type":"WebSite","@id":"https:\/\/tecniplastmexico.com\/web\/#website","url":"https:\/\/tecniplastmexico.com\/web\/","name":"Tecniplast M\u00e9xico - Fabricante de Productos de pl\u00e1stico polipropileno, polietileno y policarbonato, Industrial Hogar Alimentos Restaurantes","description":"Fabricante de Productos de pl\u00e1stico polipropileno, polietileno y policarbonato, Industrial Hogar Alimentos Restaurantes","publisher":{"@id":"https:\/\/tecniplastmexico.com\/web\/#organization"},"potentialAction":[{"@type":"SearchAction","target":{"@type":"EntryPoint","urlTemplate":"https:\/\/tecniplastmexico.com\/web\/?s={search_term_string}"},"query-input":{"@type":"PropertyValueSpecification","valueRequired":true,"valueName":"search_term_string"}}],"inLanguage":"es"},{"@type":"Organization","@id":"https:\/\/tecniplastmexico.com\/web\/#organization","name":"Tecniplast M\u00e9xico - Fabricante de Productos de pl\u00e1stico polipropileno, polietileno y policarbonato, Industrial Hogar Alimentos Restaurantes","url":"https:\/\/tecniplastmexico.com\/web\/","logo":{"@type":"ImageObject","inLanguage":"es","@id":"https:\/\/tecniplastmexico.com\/web\/#\/schema\/logo\/image\/","url":"https:\/\/tecniplastmexico.com\/web\/wp-content\/uploads\/2025\/07\/Logo_tecniplast.png","contentUrl":"https:\/\/tecniplastmexico.com\/web\/wp-content\/uploads\/2025\/07\/Logo_tecniplast.png","width":848,"height":294,"caption":"Tecniplast M\u00e9xico - Fabricante de Productos de pl\u00e1stico polipropileno, polietileno y policarbonato, Industrial Hogar Alimentos Restaurantes"},"image":{"@id":"https:\/\/tecniplastmexico.com\/web\/#\/schema\/logo\/image\/"}}]},"og_availability":"instock","product_availability":"instock","product_retailer_item_id":"9019","product_condition":"new"},"_links":{"self":[{"href":"https:\/\/tecniplastmexico.com\/web\/wp-json\/wp\/v2\/product\/9330","targetHints":{"allow":["GET"]}}],"collection":[{"href":"https:\/\/tecniplastmexico.com\/web\/wp-json\/wp\/v2\/product"}],"about":[{"href":"https:\/\/tecniplastmexico.com\/web\/wp-json\/wp\/v2\/types\/product"}],"version-history":[{"count":2,"href":"https:\/\/tecniplastmexico.com\/web\/wp-json\/wp\/v2\/product\/9330\/revisions"}],"predecessor-version":[{"id":9344,"href":"https:\/\/tecniplastmexico.com\/web\/wp-json\/wp\/v2\/product\/9330\/revisions\/9344"}],"wp:featuredmedia":[{"embeddable":true,"href":"https:\/\/tecniplastmexico.com\/web\/wp-json\/wp\/v2\/media\/9337"}],"wp:attachment":[{"href":"https:\/\/tecniplastmexico.com\/web\/wp-json\/wp\/v2\/media?parent=9330"}],"wp:term":[{"taxonomy":"product_brand","embeddable":true,"href":"https:\/\/tecniplastmexico.com\/web\/wp-json\/wp\/v2\/product_brand?post=9330"},{"taxonomy":"product_cat","embeddable":true,"href":"https:\/\/tecniplastmexico.com\/web\/wp-json\/wp\/v2\/product_cat?post=9330"},{"taxonomy":"product_tag","embeddable":true,"href":"https:\/\/tecniplastmexico.com\/web\/wp-json\/wp\/v2\/product_tag?post=9330"}],"curies":[{"name":"wp","href":"https:\/\/api.w.org\/{rel}","templated":true}]}}